ltiple of 67?
False
Is 650 a multiple of 25?
True
Does 11 divide 1915?
False
Is 887 a multiple of 13?
False
Is 1680 a multiple of 48?
True
Is 10089 a multiple of 57?
True
Does 12 divide 108?
True
Is 446 a multiple of 3?
False
Is 45 a factor of 1260?
True
Does 10 divide 1150?
True
Does 87 divide 22199?
False
Is 109 a factor of 410?
False
Is 1460 a multiple of 37?
False
Does 15 divide 583?
False
Is 15 a factor of 3146?
False
Is 9 a factor of 10161?
True
Is 13 a factor of 1728?
False
Does 64 divide 8617?
False
Does 7 divide 3283?
True
Is 26 a factor of 988?
True
Is 55 a factor of 8415?
True
Does 10 divide 400?
True
Does 47 divide 29939?
True
Does 61 divide 61?
True
Is 561 a multiple of 40?
False
Is 17 a factor of 8364?
True
Is 900 a multiple of 45?
True
Is 34 a factor of 544?
True
Does 27 divide 3807?
True
Is 9075 a multiple of 33?
True
Does 29 divide 815?
False
Is 45 a factor of 227?
False
Is 132 even?
True
Is 15 a factor of 500?
False
Does 26 divide 572?
True
Is 17 a factor of 1462?
True
Is 4 a factor of 30096?
True
Is 53 a factor of 1113?
True
Is 24 a factor of 1291?
False
Is 242 a multiple of 11?
True
Is 28 a factor of 15755?
False
Is 3 a factor of 19?
False
Does 61 divide 545?
False
Is 6 a factor of 6792?
True
Does 18 divide 779?
False
Is 6 a factor of 1270?
False
Is 1730 a multiple of 241?
False
Is 1276 a multiple of 29?
True
Is 935 a multiple of 11?
True
Does 37 divide 1036?
True
Does 21 divide 1479?
False
Is 27 a factor of 21789?
True
Is 547 a multiple of 3?
False
Is 1261 a multiple of 92?
False
Is 11 a factor of 14168?
True
Is 4895 a multiple of 11?
True
Does 3 divide 215?
False
Does 6 divide 114?
True
Is 516 a multiple of 43?
True
Does 60 divide 3757?
False
Is 5452 a multiple of 47?
True
Does 15 divide 17685?
True
Is 5200 a multiple of 8?
True
Does 51 divide 7752?
True
Does 15 divide 780?
True
Does 70 divide 2943?
False
Does 33 divide 2442?
True
Is 731 a multiple of 43?
True
Does 18 divide 19512?
True
Is 27 a factor of 297?
True
Does 40 divide 1891?
False
Is 1872 a multiple of 48?
True
Does 34 divide 68?
True
Does 107 divide 4815?
True
Is 11324 a multiple of 236?
False
Is 12558 a multiple of 14?
True
Does 77 divide 27335?
True
Does 30 divide 2087?
False
Is 24 a factor of 912?
True
Is 8740 a multiple of 230?
True
Does 5 divide 372?
False
Does 52 divide 900?
False
Does 51 divide 2068?
False
Is 5 a factor of 6834?
False
Is 6 a factor of 4806?
True
Is 99 a factor of 3663?
True
Is 8 a factor of 3304?
True
Does 9 divide 684?
True
Is 2218 a multiple of 37?
False
Is 15 a factor of 375?
True
Does 10 divide 56444?
False
Is 2250 a multiple of 25?
True
Does 8 divide 672?
True
Is 11 a factor of 286?
True
Is 10 a factor of 240?
True
Does 9 divide 675?
True
Does 46 divide 3554?
False
Does 4 divide 322?
False
Is 51 a factor of 255?
True
Does 24 divide 3909?
False
Is 54 a factor of 20412?
True
Is 78 a multiple of 3?
True
Is 2832 a multiple of 48?
True
Does 29 divide 3480?
True
Is 74610 a multiple of 23?
False
Is 65 a factor of 17752?
False
Is 631 a multiple of 2?
False
Is 121 a factor of 39359?
False
Is 14080 a multiple of 16?
True
Does 3 divide 3807?
True
Is 8362 a multiple of 74?
True
Does 71 divide 304?
False
Does 16 divide 41?
False
Does 4 divide 506?
False
Does 6 divide 10890?
True
Is 44 a factor of 9744?
False
Is 34 a factor of 1360?
True
Does 20 divide 18260?
True
Is 42 a factor of 4310?
False
Is 45 a factor of 2058?
False
Does 29 divide 9251?
True
Is 32 a factor of 384?
True
Is 1426 a multiple of 62?
True
Does 24 divide 1320?
True
Is 6 a factor of 651?
False
Does 44 divide 1276?
True
Does 14 divide 26441?
False
Does 22 divide 22?
True
Does 91 divide 4123?
False
Is 42 a factor of 2184?
True
Is 8067 a multiple of 47?
False
Is 3 a factor of 63?
True
Does 19 divide 1007?
True
Is 18 a factor of 8226?
True
Does 137 divide 32743?
True
Is 27 a factor of 22911?
False
Does 27 divide 201?
False
Is 45 a multiple of 19?
False
Does 39 divide 2925?
True
Does 15 divide 5040?
True
Is 13530 a multiple of 165?
True
Is 13 a factor of 58438?
False
Is 11 a factor of 1849?
False
Does 56 divide 12320?
True
Does 16 divide 52880?
True
Does 63 divide 315?
True
Is 3 a factor of 116?
False
Does 34 divide 3638?
True
Is 1547 a multiple of 17?
True
Is 107 a factor of 107?
True
Is 1034 a multiple of 94?
True
Is 107577 a multiple of 16?
False
Is 15377 a multiple of 5?
False
Does 35 divide 23720?
False
Is 229 a factor of 52441?
True
Does 42 divide 11088?
True
Is 37 a factor of 37113?
False
Does 5 divide 738?
False
Is 37 a factor of 738?
False
Does 6 divide 289?
False
Is 1509 even?
False
Is 1653 a multiple of 3?
True
Does 9 divide 1404?
True
Is 13403 a multiple of 13?
True
Is 371 a multiple of 31?
False
Is 70 a multiple of 35?
True
Is 7828 a multiple of 13?
False
Does 3 divide 21856?
False
Does 60 divide 36577?
False
Is 20 a factor of 42440?
True
Is 4 a factor of 567?
False
Is 52 a factor of 22568?
True
Is 83 a multiple of 12?
False
Does 32 divide 3488?
True
Is 40780 a multiple of 20?
True
Is 232 a multiple of 10?
False
Does 50 divide 2039?
False
Does 30 divide 1110?
True
Does 2 divide 1526?
True
Is 6 a factor of 2708?
False
Does 24 divide 17140?
False
Is 2886 a multiple of 39?
True
Is 398 a multiple of 4?
False
Is 26 a factor of 7618?
True
Is 625 a multiple of 43?
False
Is 8503 a multiple of 11?
True
Is 9100 a multiple of 76?
False
Does 31 divide 2433?
False
Is 12 a factor of 1164?
True
Is 9595 a multiple of 17?
False
Is 21 a factor of 9240?
True
Does 48 divide 9264?
True
Is 11 a factor of 1529?
True
Is 3 a factor of 1743?
True
Does 12 divide 1224?
True
Does 8 divide 149?
False
Is 71 a factor of 1956?
False
Does 9 divide 517?
False
Is 1869 a multiple of 9?
False
Is 16 a factor of 4570?
False
Does 16 divide 1517?
False
Is 681 a multiple of 18?
False
Is 33 a factor of 12589?
False
Is 1672 a multiple of 22?
True
Does 5 divide 14419?
False
Does 140 divide 4556?
False
Is 3 a factor of 8575?
False
Is 2506 a multiple of 92?
False
Is 12 a factor of 729?
False
Does 98 divide 47907?
False
Does 40 divide 360?
True
Does 18 divide 288?
True
Does 259 divide 1633?
False
Is 37296 a multiple of 112?
True
Is 9 a factor of 576?
True
Does 16 divide 320?
True
Is 17 a factor of 1852?
False
Does 32 divide 160?
True
Does 9 divide 3315?
False
Is 348 a factor of 37588?
False
Is 59 a factor of 25223?
False
Does 39 divide 33033?
True
Is 68 a factor of 834?
False
Is 38 a factor of 2428?
False
Is 20 a factor of 4580?
True
Is 2 a factor of 7164?
True
Does 11 divide 9559?
True
Is 216 a factor of 1728?
True
Is 39 a factor of 1014?
True
Is 78 a factor of 464?
False
Is 69 a factor of 3481?
False
Does 263 divide 634?
False
Is 33996 a multiple of 12?
True
Does 44 divide 59056?
False
Is 27317 a multiple of 30?
False
Is 17221 a multiple of 18?
False
Is 12 a factor of 4702?
False
Is 48 a factor of 50545?
False
Does 11 divide 809?
False
Is 3 a factor of 19024?
False
Is 288 a multiple of 8?
True
Is 10600 a multiple of 10?
True
Does 19 divide 3477?
True
Is 1307 a multiple of 18?
False
Is 3690 a multiple of 41?
True
Is 6748 a multiple of 7?
True
Does 11 divide 1232?
True
Does 4 divide 39?
False
Is 242 a multiple of 28?
False
Is 4 a factor of 43125?
False
Does 23 divide 13448?
False
Is 10152 a multiple of 6?
True
Is 211 a multiple of 29?
False
Is 57 a multiple of 17?
False
Is 672 a multiple of 42?
True
Is 11 a factor of 517?
True
Does 74 divide 1586?
False
Is 401 a multiple of 3?
False
Is 9477 a multiple of 55?
False
Does 12 divide 18553?
False
Is 64 a factor of 576?
True
Is 269 a multiple of 15?
False
Is 11 a factor of 1208?
False
Does 55 divide 1870?
True
Does 33 divide 1716?
True
Is 22712 a multiple of 23?
False
Is 61060 a multiple of 20?
True
Is 5434 a multiple of 22?
True
Is 71 a factor of 3182?
False
Is 1170 a multiple of 65?
True
Is 22 a factor of 836?
True
Is 35490 a multiple of 6?
True
Is 451 a multiple of 11?
True
Is 54 a factor of 864?
True
Does 16 divide 4656?
True
Does 126 divide 126?
True
Is 301 a multiple of 2?
False
Is 223 a multiple of 8?
False
Is 704 a multiple of 5?
False
Is 104 a factor of 4264?
True
Is 10 a factor of 17668?
False
Is 6417 a multiple of 187?
False
Does 13 divide 7439?
False
Is 58287 a multiple of 12?
False
Does 28 divide 4340?
True
Is 16 a factor of 3648?
True
Is 89 a factor of 979?
